66
Evaluate -4 + 12 + 2 + 1 + -1 - (-261 - -296).
-25
Calculate 1 - ((-30 - -12) + 41 + -17) - 67.
-72
What is 11 + 1 + -16 + 6 + 2 + -10 + -59?
-65
Calculate 0 + 15 + 0 - (32 - (61 - (49 + -13))).
8
-34 - (29 - (7 + 28))
-28
Evaluate -5 + 0 + -2 - (36 + -17 + -34 + -81).
89
What is the value of -5 + (-4 - (-3 - 0 - 9) - -4)?
7
What is -79 - (44 - 110) - (-1 - -6)?
-18
Calculate -23 + -22 + -18 + 113.
50
-71 - (-3 + -2 + (-12 - (-7 - -14 - 14)))
-61
What is the value of (9 - (-4 + 3 + 2 - 5)) + 607 + -715?
-95
Calculate -47 - -44 - (43 - 116 - (-1 - -2)).
71
What is the value of -76 + 36 - ((0 - 25) + 62)?
-77
Calculate (60 + -124 + 58 - (-7 + -1)) + 13.
15
(41 + -45 - -48 - -24) + (7 - -1)
76
What is -73 + (64 - 86 - 17)?
-112
What is (39 - -9) + (-10 - -10) + (1 - 3)?
46
What is (93 - (-113 + 203)) + (-1 - -38)?
40
What is the value of -16 + 30 + -5 + 7 + 3 + 2?
21
Evaluate (-122 - -100) + (20 - -5) + (2 - 2 - -101).
104
What is the value of 79 - (28 - (-53 - -46))?
44
What is -12 + (6 - (-20 + 16)) + 0 + -2?
-4
What is the value of -17 - 5 - ((2 - -43) + -29)?
-38
-31 + (-42 + 31 + -2 + -1 - (-18 + 19))
-46
What is 20 + (-83 - -10) + (18 - 4 - 27)?
-66
What is (-1 - ((4 - -11) + 4)) + (-5 - -8)?
-17
Calculate 62 + -26 - ((16 - 22) + -10).
52
Calculate 5 - -12 - (-47 - (16 + -52)).
28
Calculate -2 + (-4 + 10 - -16) + -11 + -35.
-26
Calculate -1 - 11 - (-58 + 89) - (3 - -2).
-48
146 + 0 - ((32 - 34) + 104 - 81)
125
9 + -1 - (46 + -13 + 2 + 0)
-27
21 - -4 - (195 + -176)
6
Calculate -17 - (2 + 16 - (-410 + 409)).
-36
(-2 - -1) + -45 + 0 + -27043 + 27046
-43
What is -206 - -399 - 240 - (-1 - 0)?
-46
-10 - -12 - (-8 - -46 - -8)
-44
What is the value of -4 + (-24 - -27) - 22 - -89?
66
What is the value of 18 + (-5 - (-1076 + 1072 + (2 - -6 - 0)))?
9
What is the value of 4 + -2 + 2 - 6 - 3 - (-32 - -89)?
-62
What is 6 + 8 + (-39 - 7) + 12 + -16?
-36
Evaluate -90 + 22 + -4 + 319 + -309.
-62
-4 + -108 - (-10 + (5 - (25 - 5)))
-87
What is the value of -54 + 65 + -4 + -1 + (-14 - -20)?
12
Calculate 27 - (121 - -22) - -63.
-53
What is the value of (-178 - -107) + 96 - (0 + -1)?
26
Calculate (-32 + 30 - -67) + -2.
63
What is -12 + (-64 - (8 - (2 - -2 - 8))) - -1?
-87
What is the value of -43 + (-35 + -3 + 19 - (-13 + 2))?
-51
(-10 - (0 - 19) - 45) + 24
-12
Calculate (-75 - (18 - 89)) + -50.
-54
Evaluate -24 - -15 - (-37 + 41 - (-2 + -39 + -2)).
-56
Calculate (20 - (-124 - -8)) + 22 - 42.
116
What is the value of 53 + -147 + 52 - (21 + -7)?
-56
Calculate -57 - (36 + -102 + 51).
-42
What is -225 + (183 - 68) + 46?
-64
Evaluate 3 + 20 + (-20 - (7 + -22 + 6)) + -27.
-15
Calculate (-8 + -31 - (-493 + 476)) + (1 - -8).
-13
5 - (-19 + 49) - -70 - 25
20
What is -16 + 23 - (4 + (-3 - 0) - (0 + 7))?
13
Evaluate (-2 - -60) + 10 + -6 + -8 + -1 + -1.
52
-8 + 0 - (-8 - -3 - 8 - (-32 - 20))
-47
What is the value of -22 + (6 - (-12 - (-31 + 14)))?
-21
What is the value of -1393 - -1386 - ((-2 - -42) + 0)?
-47
What is 50 + -12 + -20 + 69?
87
What is the value of 1 - -24 - (9219 - 9177)?
-17
What is 4 + -52 + -8 + 5 + -5 + 9?
-47
60 + -52 - 7 - (1 + 2 + 21)
-23
What is -117 - ((-12 - -94) + -82)?
-117
What is 10 - -19 - -6 - 26?
9
Evaluate -12 - (-66 + 10 + 9).
35
What is the value of 30 + (-10 - -2 - -1) + (46 - (38 + 4))?
27
20 + 32 - (100 - 59)
11
Calculate 1193 - 1141 - (-2 - -50).
4
Evaluate -104 + 80 + -145 + 217.
48
Calculate -2 + (-3 - 7 - (130 - 153)).
11
Calculate 25 - (74 + -54 + 52).
-47
What is the value of 120 + -134 + 28 - (-3 + 12 + 0 + -1)?
6
What is the value of (1 - -6) + -3 + 5 + -48018 + 48101?
92
Evaluate -17 + (3 - -5) + -2 - (3 + (1 - -94)).
-109
What is -43 + (79 - 115) - -41?
-38
(-6 + -15 - 73) + (0 + -4 - -2)
-96
Calculate -80 + 19 + -45 + 36.
-70
Calculate -871 + 949 - (0 + 35).
43
(-10730 - -10744) + (-1 - 99)
-86
What is -43 + (-14 - -3 - (-128 - -99)) - -15?
-10
Evaluate -42 + -18 + (2 - -19 - 21).
-60
Evaluate (133 + 29 - 67) + (9 - 46).
58
(-5 + 21 - 26) + (1 - (1 + 41))
-51
What is the value of (-158 - -169) + -3 + 1 + -10 + -8?
-9
What is 19 - (3 + 13 + 1 + -22 + 27)?
-3
Calculate (7 - -23) + (6 - (-1 + -5)).
42
What is 10 - (-25 + (-21 - -39)) - 24?
-7
Evaluate 0 - -27 - (-459 + 872 + -394).
8
Evaluate -4 - ((-17 - -1) + (20 - (144 + -74))).
62
Evaluate -43 + -2 + (1375 - 1304).
26
What is the value of 36 - (37 + (2 - -35))?
-38
Calculate 23 + -5 + 15 + (-14 - -27) + -6.
40
Calculate 1 - -43 - (-2020 - -2137).
-73
What is the value of 0 - -20 - ((-203 - -126) + 26 + -2)?
73
Evaluate (1 - 58) + 7 + 1 + (-8 - (-10 + 3)).
-50
19260 + -19148 + ((2 - 0) + -19 - 3)
92
Calculate (6 + -45 - 14) + -1 + (2 - -2) + 0.
-50
Calculate 0 + (0 - -2) - (20 + 1 - (69 + -9)).
41
What is 30 + -83 - -47 - (-2 - 4)?
0
Evaluate 6 + -3 - (-234 + 156).
81
Evaluate 73 + (-103 - -76) - 42.
4
What is 22 + (-5 - ((21 - 46) + 44))?
-2
Evaluate 19 - (2 + (12 + -2 + (12 - 14) - 18)).
27
Evaluate 1 + -11 - 1 - -1 - ((-264 - -226) + -3).
31
(2 - (-12 - -27)) + 28 + -44 - -15
-14
Evaluate 71 - (-79 + 49 + 141).
-40
What is (70 - (-23 + 14 + 16)) + 41 + -34?
70
What is 3 + 86 - (4325 + -4192)?
-44
What is 5 + (28 - 13 - 27) - 13?
-20
What is (1 - (0 - -1)) + 52 + -26 + 1 + -2?
25
8 - 10 - -56 - -7 - (105 + -108)
64
What is 25 + 3 - (-4 + (20 - -2))?
10
What is (27 + 1 - 19) + -74 + (-5 - -1)?
-69
What is (-49 - -46) + -14 + (-2 - -21)?
2
Calculate 950 - 966 - (-50 + -4).
38
Calculate (-42 - -72 - 28) + (17 - -1) + 0 + 4.
24
What is -33 + 5 + 1 + -35 + 7 + 22?
-33
What is the value of -50 + (14 - 3) - (53 - 47)?
-45
What is the value of -105 + -20 + 237 + -251?
-139
Evaluate -69 + 0 + (-57 - (-15 - 63)) + 1.
-47
Evaluate (162 - 140) + (-12 - -1) - -25.
36
5 + 25 + (219 + -234 - (0 - 2))
17
What is -26 + (11 - (-48 + (7 - 0)))?
26
Evaluate -61 + 37 + -32 + 21 + -21.
-56
18 + (37 - 14) + -59 + -22
-40
What is the value of (52 - -1 - 2) + 1403 + -1417?
37
-10 + 96 + -85 + (1 + -3 - 17) + 10
-8
Calculate (9 - 13) + (-8 - ((-10 - -2) + -14)).
10
What is the value of -121 - -115 - (-4 - (5 + -9)) - (-12 + 0)?
6
-64 + -7 - -2 - 26
-95
What is the value of (1 + 3 - 24) + -8 + (-18 - -22)?
-24
What is the value of 3 + 33 + 10 + 1 + -11 + -4?
32
(-29 - 16) + 102 + -66
-9
Evaluate -1 + (16 - 26) - -9 - 20.
-22
What is the value of -7 - 2 - (-91 + 134 + -38)?
-14
Calculate 9 + -1 + -1661 + 1742.
89
What is the value of 6 + (0 - 5 - (0 - -7 - 6)) - -74?
74
Evaluate (11 - 40 - -23) + (2 - 4 - -2).
-6
What is (-68 - -20 - -64) + -78?
-62
Evaluate 0 + 49 + -1 + 11 + (5 + -8 - 10).
46
What is the value of -92 + (6 - -76) + -56?
-66
Evaluate 9 - (-111 + 101 + (-3 - (-7 + -1))) - 70.
-56
Calculate -6 - ((-1 - 6) + (-2 - -36) + -17 + 11).
-27
What is the value of -46 + 101 - 27 - -44?
72
Evaluate -1 + -6 - (58 + -181 + 110).
6
Evaluate (50 - (7 + -1)) + 1785 + -1819.
10
Calculate -106 + (136 - 31) - (-1 - -9).
-9
What is -2 + (10 + (-12 - 2) - -2)?
-4
Calculate -68 - -49 - (-17 + -2) - -45.
45
What is the value of -7528 - -7608 - (57 - -2)?
21
-58 - (-34 + -23 + 21 + 14)
-36
(1314 - 1239) + (-145 - -2)
-68
What is the value of -11 + 7 + 48 - -17?
61
73 - (-30 - (-38 - 19))
46
What is the value of 1 - 35 - ((-4 - -29) + (-88 - -72))?
-43
(-2 + 4 - 29) + (29 - 14 - 3)
-15
Evaluate (46 - 1) + (2 - 8 - (57 + -42 - 13)).
37
Evaluate 31 + (-47 - -51 - (-2 - 5)).
42
Calculate (808 - 815) + 3 + -6 + (7 - -2) + 2.
1
What is (-9 - (1 - 10) - -3) + -14 - 0?
-11
What is the value of 9 + -2 - (53 - 59 - -40)?
-27
Evaluate (4 - 1 - (1 - -4)) + 47 + -98 + -30.
-83
6 + (0 + (-30 - -14) + 17 - -47)
54
-53 + 19 - 58 - -47
-45
What is -35 + 7 - (416 - 468)?
24
What is -7 - (-4 + 79 - (21 + -11 - 0))?
-72
Calculate 10 + (17 - (-8 + 13 + 8) - -58) - 11.
61
What is -46 + 48 - (-8 + 25 + -109 - (0 - -2))?
96
What is the value of -48 + (85 - 103 - -27) + -6 + (-1 - -1)?
-45
What is the value of (15 - (-2 - 1 - -5)) + (229 - 223)?
19
Evaluate -25 + (-3 - -2) + (50 - (112 + (-39 - 14))).
-35
What is the value of 83 - (-66 + (106 - -94))?
-51
What is the value of -7 + (-49 - -96 - 50)?
-10
Calculate 44 - (-20 - -18 - -15 - (26 - -8)).
65
Calculate -53 - -74 - 18 - 14.
-11
What is the value of (28 - 7) + 45 + -17 - 19?
30
What is (-8 - -80) + (17 - 26 - -7)?
70
-12 - (-38 + 78) - (-23 + -1)
-28
What is the value o